**2 - 5*r + 8. Let c(g) = -2*h(g) - 5*u(g). Give c(w).
-9
Let d(c) = -548 + 9*c + 277 + 268. Give d(-1).
-12
Let l(a) = -1 - 2*a**2 + 5 + a**3 - 2*a**3 - 23*a**2 + 26*a. Calculate l(-26).
4
Let r(p) be the first derivative of p**5/30 + p**4/24 - 4*p**3/3 + 10. Let b(v) be the third derivative of r(v). What is b(1)?
5
Let r(p) = 13*p - 2*p + 12 + 21 - 2*p. Let f(h) = 5*h + 17. Let q(w) = 11*f(w) - 6*r(w). Give q(8).
-3
Let w(v) = v**3 - 5*v**2 + 3*v - 1. Suppose -2*f - f + 3 = 0. Let i be 1 - 4*f/4. Let n be (2 - 7)*(i + -1). Give w(n).
14
Let x(t) = 13*t**3 - 57*t**2 + 70*t - 101. Let p(m) = 3*m**3 - 14*m**2 + 18*m - 25. Let b(h) = -9*p(h) + 2*x(h). Determine b(10).
3
Let s = 2 + 10. Suppose -2*k - 3 = -3*t - 1, -2*t = 2*k + s. Let j(z) be the third derivative of -z**6/120 - z**5/60 - z**4/12 - z**3/2 + 3*z**2. Give j(t).
5
Let w be (12/15)/(1/5). Let k(o) be the third derivative of -o**6/120 + o**5/12 - 5*o**4/24 - o**3/2 - 509*o**2. What is k(w)?
-7
Let t(h) be the first derivative of 2*h - 7 - 1/3*h**3 + 0*h**2. Calculate t(2).
-2
Let z = 377 - 372. Let t(h) = -h - 1. Give t(z).
-6
Let s(n) be the second derivative of -n**5/20 - 5*n**4/12 - 7*n**3/6 + n**2 - 84*n. Determine s(-5).
37
Let r(y) = -4*y + 18. Let a(j) = 15*j - 73. Let h(z) = -2*a(z) - 9*r(z). Let t(n) = -n + 3. Let g(m) = 2*h(m) + 11*t(m). Let q = 62 + -62. Give g(q).
1
Let s(c) = 15*c - 233. Let m be s(17). Let y(j) = j - 19. What is y(m)?
3
Let j be (-11)/5 - (3 - 128/40). Let u(m) = -3*m**2 - m - 1. What is u(j)?
-11
Let t(q) = -q. Let v(s) = -s**3 - 5*s**2 + s + 5. Let a be v(-5). Let h = 28 - 28. Suppose a = -h*m - 6*m - 6. What is t(m)?
1
Let d(l) be the first derivative of l**2/2 + 2*l + 720. Let m(a) = -a - 1. Let o be m(2). Let w = o - -9. What is d(w)?
8
Let g(s) = -3*s**2 - 13*s. Let h(w) = w**2 + w - 1. Let u(p) = -g(p) - 4*h(p). Let z = -9 - -18. Let m be u(z). Let c(k) = -k**2 + 6*k - 2. Determine c(m).
6
Let i(s) = 9*s - 23. Let j(u) = -5*u + 12. Let b(c) = 6*i(c) + 11*j(c). Let w(a) be the first derivative of -3*a**2 + 3. Let d be w(-1). What is b(d)?
-12
Let s(l) = l**2 + 5*l + 6. Let a be s(-5). Let q(u) be the third derivative of u**6/120 - u**5/12 - u**4/4 + u**3 - 3*u**2 - 13*u. What is q(a)?
6
Let f(z) be the third derivative of z**5/60 - 3*z**4/8 - 169*z**2. Let m = -5 + 13. Give f(m).
-8
Let s = 5 - 8. Let x be s*(6/(-3) + 0). Let i(b) be the third derivative of -b**6/120 + b**5/10 - b**4/24 + b**3/3 - 8*b**2. What is i(x)?
-4
Let t(f) = -3*f + 6. Let y(p) = -p**3 + 7*p**2 + 5. Let r be y(7). Suppose 0 = 2*h - 25 + r. Suppose h = 2*x + 2*b, -5*x = -0*x + 3*b - 23. What is t(x)?
-6
Suppose 0*s = 5*f - 3*s + 32, 28 = -3*f + 4*s. Let p(j) = 7*j - 6. Determine p(f).
-34
Let h be (-1)/(-5) - (-348)/60. Suppose h*f - 10 = f. Suppose -2*i + i + 1 = 2*w, 0 = 2*w - f*i + 2. Let u(q) = q - 11. What is u(w)?
-11
Suppose 4*g - 16 = 3*x - x, 0 = -3*g + 3*x + 18. Let s(i) = -3 - i**3 + 18*i**g - 24*i**2 + 0*i**3. Suppose -4*w - 6 = 18. What is s(w)?
-3
Let j(y) = -29*y + 7*y - 2 + 6*y**2 + 12*y - 5*y**2. Determine j(10).
-2
Let h(p) = p**2 + p + 2. Let u(a) = 6*a**3 + a + 7*a**2 + 5 - 9*a - 5*a**3. Let c be u(-8). Suppose -c*z + 5*g = 2*g + 7, 4*z - 3*g + 5 = 0. Calculate h(z).
4
Suppose 3*r + 2*r = 0. Let x(c) = 2*c + 1 + r + c. Let d be 33/10 - 99/330. Determine x(d).
10
Let w(x) be the first derivative of 1/2*x**2 + 6*x + 4. Give w(-3).
3
Let o(k) = 19*k**3 - 20*k**3 - 6 - 6*k**2 + 7 - 4*k. Give o(-5).
-4
Let b(h) = -5*h**2 - 2*h + 1. Let c(q) = 2*q**2 + 28*q + 33. Let l(v) = 3*v**2 + 42*v + 49. Let w(u) = -7*c(u) + 5*l(u). Let p be w(-13). Calculate b(p).
-6
Let u be (16/(-26))/(-4) + (-629)/(-221). Let i(v) be the first derivative of 6*v - 7 + 3/2*v**2 - 1/3*v**u. Calculate i(5).
-4
Let h(y) = y**3 - 6*y**2 + 0*y**3 + 4 + 0*y**3. Suppose -m - 3*n + 9 = 0, -3*m - 1 = n - 4. Suppose m = 4*u + x - 25, 0*u + 4*x = u - 2. Determine h(u).
4
Let b be 20 + (-2055)/105 + (-81)/(-7). Let p(q) = -2*q**2 + 22*q + 16. Determine p(b).
-8
Let l = -594 - -598. Let y(a) = -7*a + a**3 + 3 + 4*a - 3*a**2 + 4*a. What is y(l)?
23
Let v(r) be the first derivative of -r**4/4 - 9*r**3 + 15*r**2 + 56*r + 568. Determine v(-28).
0
Let y be (-32)/(-12)*6*5/(-10). Let b(t) be the first derivative of t**4/4 + 3*t**3 + 5*t**2 + 10*t - 3. Calculate b(y).
-6
Let r(p) be the second derivative of -7*p**4/12 - p**3/6 + 190*p. Let m be 4*-2 + (2 - -1). Let g = m + 6. What is r(g)?
-8
Let s(j) = 2*j - 2 - 1 + 2. Let c(r) = r**2 - 2*r - 5. Let b be c(-3). Suppose p + 9 = 3*i, 0 = 5*p - b*p + 3*i + 3. What is s(p)?
5
Let u(n) = n**3 - n**2 + 1. Let x(b) = 6*b**3 + 4*b**2 + 8*b + 11. Let t(h) = 5*u(h) - x(h). Let w(f) = -12*f + 16. Let v be w(2). Determine t(v).
-6
Suppose -6*x + 176 = -2*x - 4*k, -2*x = 5*k - 67. Let t = x - 29. Let u = t - 18. Let h(p) = -2*p - 1. Give h(u).
11
Let l(f) = 8*f**3 + 2*f**2 - 1. Let b be 0/(-5) + 4 + -5. Let p be 2/((-4)/(b + 3)). Calculate l(p).
-7
Let t(c) be the second derivative of -c**8/6720 + c**7/840 - c**6/720 - c**5/60 + 5*c**4/6 + 42*c. Let z(m) be the third derivative of t(m). What is z(2)?
0
Let h(g) = g**2 - 5*g + 4. Let u(k) = -7*k - 1 + 0*k + 5*k - 8. Let l be u(-7). Suppose -3*m + 4*j + 22 = -j, 0 = -4*m - l*j + 6. What is h(m)?
0
Let y(u) be the second derivative of u**3/2 - 6*u**2 - 156*u. Calculate y(12).
24
Let l(g) be the first derivative of -g**3/3 - 7*g**2/2 - 8*g - 2. Let b be l(-6). Let o(y) be the second derivative of -7*y**3/6 - y**2/2 - 40*y. Give o(b).
13
Suppose o + o = h + 6, 3*h = -3*o - 9. Let n(v) = -v**3 - 5*v**2 - 4*v + 1. Give n(h).
1
Let h(a) = -24*a**3 + 1. Let y = 9 - -5. Let g(i) = i**3 - 14*i**2 + 2*i - 27. Let q be g(y). Give h(q).
-23
Let v(u) be the first derivative of u**4/4 + 8*u**3/3 + 3*u**2 - 2*u + 4. What is v(-7)?
5
Suppose 0 = -x - 4*g + 39, 2*x = 5*g + 61 - 22. Suppose 8*h - x = -11. Let m(d) = -4*d**2 + 2*d - 6*d + 2 + 7*d**2. Determine m(h).
6
Suppose -r = -2*r. Suppose v + 3*m + 14 = r, -4*v - 3*m + m - 56 = 0. Let n = v + 10. Let z(p) = -p**3 - 4*p**2 + 3*p + 5. Calculate z(n).
-7
Let r(n) be the third derivative of -1/60*n**5 + 17*n**2 + 1/6*n**3 - 1/6*n**4 + 0 + 0*n. Determine r(-4).
1
Let x(f) = f - 3. Let i(j) = -j**2 + 14*j + 12. Let d be i(15). Let u be 3 + d/21 - 2/(-14). Determine x(u).
0
Let d(m) = 29. Let u(r) = -r + 36. Let t(j) = 4*d(j) - 3*u(j). Calculate t(-10).
-22
Suppose 0*r = 4*r + 20. Let z(b) = -b**3 - 4*b**2 - 4*b - 12. Let g be z(-4). Let i(k) = -g*k - 230 - 225 - k**2 + 456. Calculate i(r).
-4
Let z(h) be the second derivative of -h**4/4 + h**3/2 - 2*h**2 - 77*h. What is z(3)?
-22
Suppose -k - v + 22 = 0, 3*v + 15 = k - 19. Let h be (4 + 11)*6/(-5). Let b = k + h. Let t(n) = n - 1. What is t(b)?
6
Let p(w) = 71*w**2 - 8 - 43*w**2 + 3 - 27*w**2 - 11*w. Calculate p(12).
7
Let n(a) = -4 + 16*a - 9 + 12. What is n(-1)?
-17
Let p(l) be the first derivative of -l**3/3 + 2*l**2 + 8*l + 1. Suppose 4*q = -0*q + 24. Let r be p(q). Let f(z) = z. What is f(r)?
-4
Let z(v) = -1 + 6*v**3 - 31*v**2 - 32*v**2 - 31*v**2 + 97*v**2. Calculate z(-1).
-4
Suppose -32*c + 169 - 393 = 0. Let b(k) = -2*k + 7. What is b(c)?
21
Let c(l) = -3*l**2 - 7*l + 1. Suppose 15 = -5*j - t, -5*t + 6 = j + 9. Give c(j).
-5
Let z(v) be the second derivative of v**8/6720 + v**7/1260 + v**5/30 - 11*v**4/12 - 19*v. Let p(x) be the third derivative of z(x). Calculate p(-3).
-5
Let a(l) = -2*l**2 + 3*l. Let x be -3 + -2*10 + 2. Suppose 7*c - 4*c + 144 = 0. Let g be 10/(-35) + c/x. Determine a(g).
-2
Let p(a) = -3*a + 3. Let q(b) = b - 1. Let k(t) = p(t) + 4*q(t). Suppose 1 = -o + 3*o - i, 0 = -o - 3*i + 11. Calculate k(o).
1
Let a(k) = -k**2 - 4*k + 11. Suppose -8*j = -3*g + 45, 5*j - 5 + 36 = -g. Give a(j).
-1
Suppose 23*y - 40*y = -34. Let o(r) = -r - 3*r - 3*r + 1 + r. Give o(y).
-11
Let q(b) = 11*b - 1. Let z be (2/(-11) - 84/264)*0. Suppose 9*r - 12*r + o + 1 = 0, 3*r + o - 5 = z. What is q(r)?
10
Suppose -6*g - 42 = -4*g. Let d = g - -16. Let i be 0/((-12)/4 - d). Let h(j) = j - 9. Calculate h(i).
-9
Let v(c) = c**2 + 9*c - 3. Let a(z) = z**2 + 8*z - 3. Let m(r) = -r**2 - 6*r - 11. Let j be m(-5). Let w(x) = j*a(x) + 5*v(x). Determine w(-3).
3
Let n(s) = 3*s + 6. Let v(j) = -4*j - 7. Let u(f) = -f**3 + 7*f**2 + 7*f + 2. Let 